{"id":36,"date":"2016-02-20T15:20:59","date_gmt":"2016-02-20T15:20:59","guid":{"rendered":"http:\/\/bitpublimedia.ro\/themeforest\/cubus-wp\/?page_id=36"},"modified":"2026-04-10T09:35:07","modified_gmt":"2026-04-10T08:35:07","slug":"aktivitete","status":"publish","type":"page","link":"https:\/\/insal.com.al\/site\/aktivitete\/","title":{"rendered":"Aktivitete"},"content":{"rendered":"<div class=\"wpb-content-wrapper\"><p>[vc_row][vc_column][vc_column_text]<\/p>\n<h2 style=\"text-align: center;\"><strong>AKTIVITETE<\/strong><\/h2>\n<p>[\/vc_column_text][\/vc_column][\/vc_row][vc_row][vc_column][vc_empty_space][\/vc_column][\/vc_row][vc_row css=&#8221;.vc_custom_1475482320730{margin-bottom: 60px !important;}&#8221;][vc_column width=&#8221;1\/3&#8243;]<div class=\"icon-box-1\"><i class=\"icon-notebook\"><\/i><div class=\"icon-box-content\"><h3><a href=\"http:\/\/elevator.europadns.net\/pages\/services\/single-service\/\" target=\"\">VLER\u00cbSIM<\/a><\/h3><p>Vler\u00ebsim dhe \u00e7ertifikim saldator\u00ebsh.<\/p>\n<\/div><\/div><div class=\"icon-box-1\"><i class=\"icon-briefcase\"><\/i><div class=\"icon-box-content\"><h3><a href=\"http:\/\/elevator.europadns.net\/pages\/services\/single-service\/\" target=\"\">PJES\u00cbMARRJE<\/a><\/h3><p>Seminare, Workshope dhe Konferenca.<\/p>\n<\/div><\/div><div class=\"icon-box-1\"><i class=\"ifc-flash_light\"><\/i><div class=\"icon-box-content\"><h3><a href=\"http:\/\/elevator.europadns.net\/pages\/services\/single-service\/\" target=\"\">PREZENC\u00cb<\/a><\/h3><p>Buletin teknik.<\/p>\n<\/div><\/div>[\/vc_column][vc_column width=&#8221;1\/3&#8243;]<div class=\"icon-box-1\"><i class=\"ifc-workflow\"><\/i><div class=\"icon-box-content\"><h3><a href=\"http:\/\/elevator.europadns.net\/pages\/services\/single-service\/\" target=\"\">KUALIFIKIM<\/a><\/h3><p>Kualifikim dhe \u00c7ertifikim i Personelit t\u00eb Saldimit.<\/p>\n<\/div><\/div><div class=\"icon-box-1\"><i class=\"ifc-flag2\"><\/i><div class=\"icon-box-content\"><h3><a href=\"http:\/\/elevator.europadns.net\/pages\/services\/single-service\/\" target=\"\">KONSULENC\u00cb<\/a><\/h3><p>Konsulenc\u00eb Teknike.<\/p>\n<\/div><\/div><div class=\"icon-box-1\"><i class=\"ifc-tv_show\"><\/i><div class=\"icon-box-content\"><h3><a href=\"http:\/\/elevator.europadns.net\/pages\/services\/single-service\/\" target=\"\">PROMOVIM<\/a><\/h3><p>Ekspozita dhe panaire mbi produktet e saldimit.<\/p>\n<\/div><\/div>[\/vc_column][vc_column width=&#8221;1\/3&#8243;]<div class=\"icon-box-1\"><i class=\"icon-magnifying-glass\"><\/i><div class=\"icon-box-content\"><h3><a href=\"http:\/\/elevator.europadns.net\/pages\/services\/single-service\/\" target=\"\">INSPEKTIM<\/a><\/h3><p>Kryerje e Inspektimit t\u00eb Saldimit.<\/p>\n<\/div><\/div><div class=\"icon-box-1\"><i class=\"ifc-group\"><\/i><div class=\"icon-box-content\"><h3><a href=\"http:\/\/elevator.europadns.net\/pages\/services\/single-service\/\" target=\"\">SHK\u00cbMBIM EKSPERIENCE<\/a><\/h3><p>Forum p\u00ebr shk\u00ebmbim idesh mbi saldimin.<\/p>\n<\/div><\/div>[\/vc_column][\/vc_row][vc_row full_width=&#8221;stretch_row_content_no_spaces&#8221; equal_height=&#8221;yes&#8221; content_placement=&#8221;middle&#8221; disable_element=&#8221;yes&#8221; css=&#8221;.vc_custom_1553337918691{margin-bottom: 100px !important;}&#8221;][vc_column width=&#8221;1\/2&#8243;][vc_single_image image=&#8221;1075&#8243; img_size=&#8221;large&#8221; alignment=&#8221;center&#8221;][\/vc_column][vc_column width=&#8221;1\/3&#8243; css=&#8221;.vc_custom_1475482329681{padding-left: 30px !important;}&#8221;][vc_column_text]<\/p>\n<h1>Nulla ut semper augue, eget euismod quam. Quisque vel ligula nunc.<\/h1>\n<p>&nbsp;<\/p>\n<p>Nulla ut semper augue, eget euismod quam. Quisque vel ligula nunc. Suspendisse eleifend massa molestie, viverra eros id, maximus arcu. Nullam nec turpis sit amet augue pretium gravida et vitae purus. Suspendisse convallis erat nec orci eleifend, et aliquam ligula.<\/p>\n<p>&nbsp;<\/p>\n<p><a class=\"btn\" href=\"#\">Read more<\/a>[\/vc_column_text][\/vc_column][\/vc_row][vc_row disable_element=&#8221;yes&#8221;][vc_column][vc_column_text]<\/p>\n<h3 class=\"text-uppercase\"><strong>Why choose us?<\/strong><\/h3>\n<p>[\/vc_column_text][\/vc_column][\/vc_row][vc_row disable_element=&#8221;yes&#8221; css=&#8221;.vc_custom_1553337934931{margin-bottom: 60px !important;}&#8221;][vc_column width=&#8221;1\/2&#8243;][vc_column_text]Nulla ut semper augue, eget euismod quam. Quisque vel ligula nunc. Suspendisse eleifend massa molestie, viverra eros id, maximus arcu. Nullam nec turpis sit amet augue pretium gravida et vitae purus. In hac habitasse platea dictumst. Donec ultricies ante.<\/p>\n<p>In hac habitasse platea dictumst. Donec ultricies ante id odio ultrices com modo. Sed semper metus ac congue tincidunt. Suspendisse maximus, justo vel mollis pellentesque.<\/p>\n<p>&nbsp;<\/p>\n<ul class=\"arrow\">\n<li>Suspendisse efficitur nec<\/li>\n<li>Proin quis enim et justo<\/li>\n<li>Phasellus vel quam ac leo<\/li>\n<\/ul>\n<p>&nbsp;<\/p>\n<p><a class=\"btn\" href=\"#\">Buy it now<\/a>[\/vc_column_text][\/vc_column][vc_column width=&#8221;1\/2&#8243;][vc_images_carousel images=&#8221;1143,1144,1145&#8243; img_size=&#8221;large&#8221; onclick=&#8221;link_no&#8221; autoplay=&#8221;yes&#8221; hide_pagination_control=&#8221;yes&#8221; hide_prev_next_buttons=&#8221;yes&#8221;][\/vc_column][\/vc_row][vc_row full_width=&#8221;stretch_row&#8221; disable_element=&#8221;yes&#8221; css=&#8221;.vc_custom_1553337949467{margin-bottom: 0px !important;padding-top: 80px !important;padding-bottom: 80px !important;background-color: #85c334 !important;}&#8221; font_color=&#8221;#ffffff&#8221;][vc_column][vc_row_inner][vc_column_inner width=&#8221;1\/4&#8243;]<div class=\"milestone\">\n\t\t\t\t<div class=\"milestone-content\">\n\t\t\t\t\t<span class=\"milestone-value\" data-stop=\"253\" data-speed=\"2000\"><\/span>\n\t\t\t\t\t<div class=\"milestone-description\">Pictures<\/div>\n\t\t\t\t<\/div>\n\t\t\t<\/div>[\/vc_column_inner][vc_column_inner width=&#8221;1\/4&#8243;]<div class=\"milestone\">\n\t\t\t\t<div class=\"milestone-content\">\n\t\t\t\t\t<span class=\"milestone-value\" data-stop=\"1154\" data-speed=\"2000\"><\/span>\n\t\t\t\t\t<div class=\"milestone-description\">Projects<\/div>\n\t\t\t\t<\/div>\n\t\t\t<\/div>[\/vc_column_inner][vc_column_inner width=&#8221;1\/4&#8243;]<div class=\"milestone\">\n\t\t\t\t<div class=\"milestone-content\">\n\t\t\t\t\t<span class=\"milestone-value\" data-stop=\"12000\" data-speed=\"2000\"><\/span>\n\t\t\t\t\t<div class=\"milestone-description\">Followers<\/div>\n\t\t\t\t<\/div>\n\t\t\t<\/div>[\/vc_column_inner][vc_column_inner width=&#8221;1\/4&#8243;]<div class=\"milestone\">\n\t\t\t\t<div class=\"milestone-content\">\n\t\t\t\t\t<span class=\"milestone-value\" data-stop=\"28\" data-speed=\"2000\"><\/span>\n\t\t\t\t\t<div class=\"milestone-description\">Members<\/div>\n\t\t\t\t<\/div>\n\t\t\t<\/div>[\/vc_column_inner][\/vc_row_inner][\/vc_column][\/vc_row][vc_row full_width=&#8221;stretch_row_content_no_spaces&#8221; equal_height=&#8221;yes&#8221; content_placement=&#8221;middle&#8221; disable_element=&#8221;yes&#8221; css=&#8221;.vc_custom_1553337954396{margin-top: -36px !important;margin-bottom: 100px !important;}&#8221;][vc_column width=&#8221;1\/12&#8243;][\/vc_column][vc_column width=&#8221;2\/12&#8243;]<div class=\"icon-box-1\"><i class=\"ifc-alarm_clock\"><\/i><div class=\"icon-box-content\"><h3><a href=\"http:\/\/elevator.europadns.net\/pages\/services\/single-service\/\" target=\"\">Video<\/a><\/h3><p>Nulla ut semper augue, eget euismod quam. Quisque vel ligula nunc. Suspendisse eleifend massa molestie.<\/p>\n<a href=\"http:\/\/elevator.europadns.net\/pages\/services\/single-service\/\" target=\"\">Read more<\/a><\/div><\/div><div class=\"icon-box-1\"><i class=\"ifc-flip_horizontal\"><\/i><div class=\"icon-box-content\"><h3><a href=\"http:\/\/elevator.europadns.net\/pages\/services\/single-service\/\" target=\"\">Animations<\/a><\/h3><p>Cras scelerisque efficitur erat, quis luctus erat vestibulum ac. Vivamus scelerisque volutpat nibh suscipit.<\/p>\n<a href=\"http:\/\/elevator.europadns.net\/pages\/services\/single-service\/\" target=\"\">Read more<\/a><\/div><\/div>[\/vc_column][vc_column width=&#8221;2\/12&#8243;]<div class=\"icon-box-1\"><i class=\"ifc-flag2\"><\/i><div class=\"icon-box-content\"><h3><a href=\"http:\/\/elevator.europadns.net\/pages\/services\/single-service\/\" target=\"\">Support<\/a><\/h3><p>Etiam mollis risus turpis, eu rutrum ipsum ornare et. Nullam et leo sem. Integer ultricies iaculis justo.<\/p>\n<a href=\"http:\/\/elevator.europadns.net\/pages\/services\/single-service\/\" target=\"\">Read more<\/a><\/div><\/div><div class=\"icon-box-1\"><i class=\"ifc-gallery\"><\/i><div class=\"icon-box-content\"><h3><a href=\"http:\/\/elevator.europadns.net\/pages\/services\/single-service\/\" target=\"\">Parallax<\/a><\/h3><p>Vivamus fringilla ex et nunc tempor malesuada. Cras finibus sem purus, quis suscipit lacus imperdiet tempor.<\/p>\n<a href=\"http:\/\/elevator.europadns.net\/pages\/services\/single-service\/\" target=\"\">Read more<\/a><\/div><\/div>[\/vc_column][vc_column width=&#8221;1\/12&#8243;][\/vc_column][vc_column width=&#8221;1\/2&#8243;][vc_single_image image=&#8221;1152&#8243; img_size=&#8221;large&#8221; alignment=&#8221;center&#8221;][\/vc_column][\/vc_row][vc_row disable_element=&#8221;yes&#8221;][vc_column]<div class=\"headline\"><h2>Accordions &amp; Tabs<\/h2><p>Nulla ut semper augue, eget euismod quam.<\/p><\/div>[\/vc_column][\/vc_row][vc_row][vc_column][vc_column_text]<\/p>\n<h2 style=\"text-align: center;\"><strong>KURSET Q\u00cb OFROHEN<\/strong><\/h2>\n<h5 style=\"text-align: center;\">Kualifikimet dhe \u00e7ertifikimet<\/h5>\n<p>[\/vc_column_text][\/vc_column][\/vc_row][vc_row][vc_column][vc_empty_space][\/vc_column][\/vc_row][vc_row css=&#8221;.vc_custom_1475485668345{margin-bottom: 100px !important;}&#8221;][vc_column width=&#8221;1\/2&#8243;][vc_tta_accordion active_section=&#8221;1&#8243;][vc_tta_section title=&#8221;Certified Welding Inspectors Course (CWI)&#8221; tab_id=&#8221;1475484437880-f44aa1c8-dae4&#8243;][vc_column_text]Return later for more info..[\/vc_column_text][\/vc_tta_section][vc_tta_section title=&#8221;Welding Trainers Training Course&#8221; tab_id=&#8221;1475484438114-40012c3b-4fcd&#8221;][vc_column_text]Return later for more info..[\/vc_column_text][\/vc_tta_section][vc_tta_section title=&#8221;Welding Supervisors Course&#8221; tab_id=&#8221;1475484525439-53120cd9-864f&#8221;][vc_column_text]Return later for more info..[\/vc_column_text][\/vc_tta_section][vc_tta_section title=&#8221;Maintenance Welding Course&#8221; tab_id=&#8221;1553338557513-7580c33a-e569&#8243;][vc_column_text]Return later for more info..[\/vc_column_text][\/vc_tta_section][\/vc_tta_accordion][\/vc_column][vc_column width=&#8221;1\/2&#8243;][vc_tta_tabs active_section=&#8221;1&#8243;][vc_tta_section title=&#8221;Engineers&#8221; tab_id=&#8221;1475484693893-378797e5-a936&#8243;][vc_row_inner][vc_column_inner width=&#8221;1\/2&#8243;][vc_single_image image=&#8221;1498&#8243; img_size=&#8221;large&#8221; alignment=&#8221;center&#8221;][\/vc_column_inner][vc_column_inner width=&#8221;1\/2&#8243;][vc_column_text]Welding Engineers &#8211; N\u00ebp\u00ebrmjet &#8220;Japan Welding Engineering Society&#8221; duke p\u00ebrdorur sistemin \u00e7ertifikues t\u00eb &#8220;International Institute of Welding IIW&#8221;[\/vc_column_text][\/vc_column_inner][\/vc_row_inner][\/vc_tta_section][vc_tta_section title=&#8221;Inspectors&#8221; tab_id=&#8221;1475484694146-b5b87c50-1cb0&#8243;][vc_row_inner][vc_column_inner width=&#8221;1\/2&#8243;][vc_single_image image=&#8221;1497&#8243; img_size=&#8221;large&#8221; alignment=&#8221;center&#8221;][\/vc_column_inner][vc_column_inner width=&#8221;1\/2&#8243;][vc_column_text]Welding Inspectors:<\/p>\n<p>PWS CWI Standard;<br \/>\nAWS CWI Standard[\/vc_column_text][\/vc_column_inner][\/vc_row_inner][\/vc_tta_section][vc_tta_section title=&#8221;Operators&#8221; tab_id=&#8221;1475486658404-7f6e72a3-01df&#8221;][vc_row_inner][vc_column_inner width=&#8221;1\/2&#8243;][vc_single_image image=&#8221;1496&#8243; img_size=&#8221;large&#8221; alignment=&#8221;center&#8221;][\/vc_column_inner][vc_column_inner width=&#8221;1\/2&#8243;][vc_column_text]Welding Operators &#8211; Saldator\u00ebt<\/p>\n<p>\u00c7ertifikime p\u00ebr:<\/p>\n<p>Shielded Metal Arc Welding<br \/>\nGas Metal Arc Welding<br \/>\nFlux Cord Arc Welding<br \/>\nGas Tungsten Arc Welding[\/vc_column_text][\/vc_column_inner][\/vc_row_inner][\/vc_tta_section][\/vc_tta_tabs][\/vc_column][\/vc_row][vc_row full_width=&#8221;stretch_row&#8221; content_placement=&#8221;middle&#8221; parallax=&#8221;content-moving&#8221; parallax_image=&#8221;1168&#8243; disable_element=&#8221;yes&#8221; css=&#8221;.vc_custom_1553338011626{margin-bottom: 0px !important;padding-top: 100px !important;padding-bottom: 100px !important;}&#8221;][vc_column][vc_row_inner][vc_column_inner]<div class=\"testimonial-slider-2\"><div class=\"slides\"><div class=\"testimonial\"><h5>Jane Smith, <span>Asistent<\/span><\/h5>\n\t\t\t<blockquote>\n\t\t\t\t<p>Lorem ipsum dolor sit amet, consectetur adipiscing elit. Cras dapibus nisl eget ante tristique tempor. Vestibulum et quam interdum, porttitor est eu, elementum neque. Quisque eu suscipit mi. Etiam ut tellus nunc. Etiam commodo mi libero, et hendrerit ex ultrices nec. Lorem ipsum dolor sit amet consectetur.<\/p>\n\t\t\t<\/blockquote><\/div><div class=\"testimonial\"><h5>Tom Cater, <span>Administrator<\/span><\/h5>\n\t\t\t<blockquote>\n\t\t\t\t<p>Nullam sagittis arcu ac imperdiet ultricies. Proin nec lacus velit. In tempus eu massa ac rhoncus. Curabitur commodo dictum felis vitae pellentesque. Donec commodo felis in massa interdum congue. Quisque scelerisque dictum mi. Mauris varius augue id cursus accumsan. Proin ultricies dui orci, id congue lectus.<\/p>\n\t\t\t<\/blockquote><\/div><div class=\"testimonial\"><h5>Maria Doe, <span>CEO Company<\/span><\/h5>\n\t\t\t<blockquote>\n\t\t\t\t<p>Duis libero mauris, fringilla sit amet lorem a, sodales pellentesque sem. Duis ut orci nisi. Donec posuere eleifend mi non vehicula. Pellentesque ante ligula, rhoncus non dolor interdum, convallis pulvinar ex. Nullam quis eros nec turpis bibendum porttitor eu ut ipsum. Etiam elementum sodales nisl id dictum dolor sit amet.<\/p>\n\t\t\t<\/blockquote><\/div><\/div><\/div>[\/vc_column_inner][\/vc_row_inner][\/vc_column][\/vc_row][vc_row][vc_column][vc_column_text]<\/p>\n<h1 class=\"text-uppercase\" style=\"text-align: center;\"><strong>INSAL<\/strong><\/h1>\n<h3 style=\"text-align: center;\">Instituti Shqiptar i Saldimit nisi si nj\u00eb inisiativ\u00eb e profesionist\u00ebve t\u00eb teknologjis\u00eb s\u00eb saldimit, synimi i t\u00eb cil\u00ebve \u00ebsht\u00eb promovimi i shkenc\u00ebs s\u00eb saldimit dhe profesionalizmit t\u00eb aplikimit t\u00eb saj n\u00eb industri.<\/h3>\n<p>[\/vc_column_text]<p class=\"text-center\"><a class=\"btn btn-default btn-normal\" href=\"http:\/\/insal.com.al\/site\/rreth-nesh\/\" target=\"\">Lexo m\u00eb shum\u00eb<\/a><\/p>[\/vc_column][\/vc_row][vc_row][vc_column][vc_empty_space height=&#8221;128px&#8221;][\/vc_column][\/vc_row]<\/p>\n<\/div>","protected":false},"excerpt":{"rendered":"<p>[vc_row][vc_column][vc_column_text] AKTIVITETE [\/vc_column_text][\/vc_column][\/vc_row][vc_row][vc_column][vc_empty_space][\/vc_column][\/vc_row][vc_row css=&#8221;.vc_custom_1475482320730{margin-bottom: 60px !important;}&#8221;][vc_column width=&#8221;1\/3&#8243;][\/vc_column][vc_column width=&#8221;1\/3&#8243;][\/vc_column][vc_column width=&#8221;1\/3&#8243;][\/vc_column][\/vc_row][vc_row full_width=&#8221;stretch_row_content_no_spaces&#8221; equal_height=&#8221;yes&#8221; content_placement=&#8221;middle&#8221; disable_element=&#8221;yes&#8221; css=&#8221;.vc_custom_1553337918691{margin-bottom: 100px !important;}&#8221;][vc_column width=&#8221;1\/2&#8243;][vc_single_image image=&#8221;1075&#8243; img_size=&#8221;large&#8221; alignment=&#8221;center&#8221;][\/vc_column][vc_column width=&#8221;1\/3&#8243; css=&#8221;.vc_custom_1475482329681{padding-left: 30px !important;}&#8221;][vc_column_text] Nulla ut semper augue, eget euismod quam. Quisque vel ligula nunc. &nbsp; Nulla ut semper augue, eget euismod quam. Quisque vel ligula nunc. Suspendisse eleifend massa molestie, viverra eros id, maximus [&hellip;]<\/p>\n","protected":false},"author":1,"featured_media":0,"parent":0,"menu_order":0,"comment_status":"closed","ping_status":"closed","template":"","meta":{"_monsterinsights_skip_tracking":false,"_monsterinsights_sitenote_active":false,"_monsterinsights_sitenote_note":"","_monsterinsights_sitenote_category":0,"footnotes":""},"class_list":["post-36","page","type-page","status-publish","hentry"],"aioseo_notices":[],"_links":{"self":[{"href":"https:\/\/insal.com.al\/site\/wp-json\/wp\/v2\/pages\/36","targetHints":{"allow":["GET"]}}],"collection":[{"href":"https:\/\/insal.com.al\/site\/wp-json\/wp\/v2\/pages"}],"about":[{"href":"https:\/\/insal.com.al\/site\/wp-json\/wp\/v2\/types\/page"}],"author":[{"embeddable":true,"href":"https:\/\/insal.com.al\/site\/wp-json\/wp\/v2\/users\/1"}],"replies":[{"embeddable":true,"href":"https:\/\/insal.com.al\/site\/wp-json\/wp\/v2\/comments?post=36"}],"version-history":[{"count":17,"href":"https:\/\/insal.com.al\/site\/wp-json\/wp\/v2\/pages\/36\/revisions"}],"predecessor-version":[{"id":1882,"href":"https:\/\/insal.com.al\/site\/wp-json\/wp\/v2\/pages\/36\/revisions\/1882"}],"wp:attachment":[{"href":"https:\/\/insal.com.al\/site\/wp-json\/wp\/v2\/media?parent=36"}],"curies":[{"name":"wp","href":"https:\/\/api.w.org\/{rel}","templated":true}]}}